{"id":81,"date":"2016-09-11T19:09:50","date_gmt":"2016-09-11T17:09:50","guid":{"rendered":"http:\/\/nd-blog.de\/?page_id=81"},"modified":"2016-09-23T15:29:17","modified_gmt":"2016-09-23T13:29:17","slug":"ueber-nextday","status":"publish","type":"page","link":"https:\/\/nd-blog.de\/?page_id=81","title":{"rendered":"\u00dcber &#8218;NextDay&#8216;"},"content":{"rendered":"<h3><span style=\"color: #800080;\"><strong>Initiative NextDay \u2013<br \/>\nZukunft des ND gemeinsam denken<\/strong><\/span><\/h3>\n<p>von Peter Barzel<\/p>\n<p><strong>Gemeinsam<br \/>\n<\/strong>Immer wieder trifft man Bundesgeschwister, die sich \u00fcber die Zukunft des ND sorgen und nachdenken \u2013<br \/>\nin der Initiative NextDay tun wir das zusammen statt jeder f\u00fcr sich alleine.<\/p>\n<p><strong>nach vorne schauen<br \/>\n<\/strong>Die problematische Situation des Verbandes, auf die wir zusteuern, ist hinl\u00e4nglich bekannt und thematisiert worden \u2013<br \/>\nwir glauben an eine Zukunft des ND und wollen nach vorne schauen, Ideen und Konzepte sammeln und entwickeln, bedenken und konkretisieren und in den Verband tragen.<\/p>\n<p><strong>als offene Initiative<br \/>\n<\/strong>Wir sind weder berufen noch gew\u00e4hlt noch eine konspirative Gruppe \u2013<br \/>\nwir sind offen f\u00fcr alle Bundesgeschwister. Auf unseren Treffen ist jede(r) willkommen und unsere Gedanken teilen wir untereinander und auf diesem Blog mit, tragen sie auf die Veranstaltungen und in die Gremien des Verbandes. Wir glauben, dass Zukunft nur gelingen kann, wenn alle Mitglieder des Verbandes informiert sind und sich jede(r) beteiligen kann.<\/p>\n<p><strong>im Verband mitarbeiten<br \/>\n<\/strong>Wir freuen uns \u00fcber den Vorschlag der ND-Leitung, auf dem Herbstrat einen Verbandsentwicklungsprozess zu starten, unterst\u00fctzen dies und wollen uns da konstruktiv einbringen.<\/p>\n<p><strong>Wir sind<br \/>\n<\/strong>etwa 20 Bundesgeschwister, von denen ein Drittel sich aktiv trifft, und die anderen uns aus der Ferne begleiten. Weitere Mitdenkende sind herzlich willkommen. Wer mit in den Email-Verteiler der Mitdenkenden aufgenommen werden m\u00f6chte, schicke eine Email an\u00a0<a href=\"mailto:pbarzel@t-online.de\">pbarzel@t-online.de<\/a>\u00a0(Peter Barzel).<\/p>\n<p>&nbsp;<\/p>\n<p><strong>Ein Anfang ist gemacht<br \/>\n<\/strong>Bei einem ersten Treffen am 18. Juni 2016 in D\u00fcsseldorf haben wir f\u00fcr uns gekl\u00e4rt, welche Ziele wir verfolgen wollen und welche Themen wir bearbeiten wollen. Bei einem zweiten Treffen am 11. September in M\u00fcnster haben wir angefangen die Themen zu konkretisieren. Das n\u00e4chste Treffen findet am 20. November in Nordhorn statt.<\/p>\n<p><strong>Unsere Motive und Ziele:<\/strong><\/p>\n<ul>\n<li>Uns liegt der Verband am Herzen.<\/li>\n<li>Wir sehen Handlungs- und Gestaltungsbedarf und wollen gestalten.<\/li>\n<li>Wir wollen einen offenen und konkreten Zukunftsprozess f\u00fcr den gesamten Verband.<\/li>\n<li>Wir wollen die \u201eJ\u00fcngeren\u201c der Pfingsttreffen- und Werkwochengeneration einladen und motivieren, den Verband zu gestalten und Verantwortung zu \u00fcbernehmen.<\/li>\n<\/ul>\n<p><strong>Unsere aktuellen Themen:<\/strong><\/p>\n<ul>\n<li>Verbandsstruktur, transparent und partizipativ<\/li>\n<li>Spirituelle Kompetenz f\u00f6rdern und entwickeln<\/li>\n<li>Meinungsbildungskultur im Verband entwickeln.<\/li>\n<li>Inhaltliche Schwerpunktbildung<\/li>\n<li>Inhaltliche und programmatische Profilierung<\/li>\n<li>Einen Blog einrichten, um die Kommunikation unter den Mitgliedern zu st\u00e4rken.<\/li>\n<\/ul>\n<p><strong><br \/>\nEntstehung der Initiative<br \/>\n<\/strong>Im Dezember 2015 habe ich im Hirschberg einen Leserbrief ver\u00f6ffentlicht mit einem Szenario KMF 2019. Diesen Leserbrief habe ich per Email auch an etwa 1.000 J\u00fcngere versandt. An den Leserbrief schloss sich meine Einladung an, mit \u00fcber die Zukunft des ND nachzudenken. Die KMF-Leitung habe ich vorab informiert und um Zusammenarbeit angefragt.<\/p>\n<p>Auf den Leserbrief haben etwa 20 Bundesgeschwister reagiert. Der AK jKMF hat auf seiner Tagung im Januar 2016 beschlossen, die Initiative zu unterst\u00fctzen. Im Fr\u00fchjahr 2016 haben wir als Auftakt das Treffen am 18. Juni 2016 in D\u00fcsseldorf verabredet. Wir treffen uns bisher privat und auf eigene Kosten.<\/p>\n<p><strong>Teilnehmende 18. Juni 2016:<\/strong><br \/>\nBirgit Nawrath, Gerd Uffelmann, Johannes Menze, Marion Winterscheidt, Max Gro\u00dfe-H\u00fcndfeld, Peter Barzel, Tobias Heiny<\/p>\n<p><strong>Teilnehmende 11. September 2016:<br \/>\n<\/strong>Bernhard Gleitz, Gerd Uffelmann, Johannes Menze, Marion Winterscheidt, Max Gro\u00dfe-H\u00fcndfeld, Peter Barzel, Tobias Heiny<\/p>\n<p><strong>Mitdenkende Stand September 2016:<br \/>\n<\/strong>Andr\u00e9 Remmert-Klinken, Andrea Garwich, Bernhard Gleitz, Birgit Nawrath, Franz Eberhardinger, Franz Nawrath, Gerd Uffelmann, Johannes\u00a0Menze, Klaus Neumann, Kurt Schann\u00e9, Marion Winterscheidt, Max Gro\u00dfe-H\u00fcndfeld, Ottmar John, Peter Barzel, Philip Smets, Stefan Vesper, Svenja Kormann, Tilmann Bendikowski, Tobias Heiny, Ulrich Kieninger, Ursula Suhre, Uta Hillermann<\/p>\n<p>&nbsp;<\/p>\n<p>&nbsp;<\/p>\n","protected":false},"excerpt":{"rendered":"<p>Initiative NextDay \u2013 Zukunft des ND gemeinsam denken von Peter Barzel Gemeinsam Immer wieder trifft man Bundesgeschwister, die sich \u00fcber die Zukunft des ND sorgen und nachdenken \u2013 in der Initiative NextDay tun wir das zusammen statt jeder f\u00fcr sich alleine. nach vorne schauen Die problematische Situation des Verbandes, auf die wir zusteuern, ist hinl\u00e4nglich &hellip; <a href=\"https:\/\/nd-blog.de\/?page_id=81\" class=\"more-link\"><span class=\"screen-reader-text\">\u00dcber &#8218;NextDay&#8216;<\/span> weiterlesen<\/a><\/p>\n","protected":false},"author":3,"featured_media":77,"parent":0,"menu_order":0,"comment_status":"closed","ping_status":"closed","template":"","meta":{"jetpack_post_was_ever_published":false,"footnotes":""},"class_list":["post-81","page","type-page","status-publish","has-post-thumbnail","hentry"],"jetpack_sharing_enabled":true,"jetpack_shortlink":"https:\/\/wp.me\/P8Nw5X-1j","jetpack-related-posts":[],"_links":{"self":[{"href":"https:\/\/nd-blog.de\/index.php?rest_route=\/wp\/v2\/pages\/81","targetHints":{"allow":["GET"]}}],"collection":[{"href":"https:\/\/nd-blog.de\/index.php?rest_route=\/wp\/v2\/pages"}],"about":[{"href":"https:\/\/nd-blog.de\/index.php?rest_route=\/wp\/v2\/types\/page"}],"author":[{"embeddable":true,"href":"https:\/\/nd-blog.de\/index.php?rest_route=\/wp\/v2\/users\/3"}],"replies":[{"embeddable":true,"href":"https:\/\/nd-blog.de\/index.php?rest_route=%2Fwp%2Fv2%2Fcomments&post=81"}],"version-history":[{"count":15,"href":"https:\/\/nd-blog.de\/index.php?rest_route=\/wp\/v2\/pages\/81\/revisions"}],"predecessor-version":[{"id":170,"href":"https:\/\/nd-blog.de\/index.php?rest_route=\/wp\/v2\/pages\/81\/revisions\/170"}],"wp:featuredmedia":[{"embeddable":true,"href":"https:\/\/nd-blog.de\/index.php?rest_route=\/wp\/v2\/media\/77"}],"wp:attachment":[{"href":"https:\/\/nd-blog.de\/index.php?rest_route=%2Fwp%2Fv2%2Fmedia&parent=81"}],"curies":[{"name":"wp","href":"https:\/\/api.w.org\/{rel}","templated":true}]}}